 o be 26/(-39) + m/(-3). Let c = 24 - o. What is the remainder when c is divided by 10?
8
Suppose 8*p - 12 = -4. Let r(q) = 24*q - 8. Let b(g) = -g + 3. Calculate the remainder when r(p) is divided by b(-7).
6
Let c(t) = 5*t - 7. Let d be c(-8). Let n = 79 + d. Suppose 0 = 5*y + 14 - 49. Calculate the remainder when n is divided by y.
4
Suppose 0 = -4*v + 16 + 16. Let w(m) = 174*m - 11. Let a(t) = 58*t - 4. Let g(n) = v*a(n) - 3*w(n). Calculate the remainder when g(-1) is divided by 20.
19
Suppose 2*c = l - 121, l + 10*c - 15*c = 121. What is the remainder when l is divided by 20?
1
Let i be -16 + 13 + 5*1. Calculate the remainder when (i/(-1))/1 - -43 is divided by 14.
13
Let j = 253 - 179. What is the remainder when 3/(-2 - j/(-34)) is divided by 3?
2
Suppose 5*z + 3*y + 52 = 9*z, -2*y + 52 = 4*z. Suppose 0*a + 5*a + t = 3, -5*t = a + 9. What is the remainder when 27 + -1*3 + a is divided by z?
12
Suppose 2*y = -l + 10, -7 - 6 = -l - 5*y. What is the remainder when 5/((-10)/l) - -65 is divided by 32?
29
Let h = -606 - -639. Calculate the remainder when 82 is divided by h.
16
Let k = -447 - -471. What is the remainder when 32 is divided by k?
8
Suppose -2*s + 2*w - 46 = 0, -2*s - s - 5*w = 29. Let y = s - -41. Suppose 5*j = -25, 4*j = -4*b - j + y. Calculate the remainder when 46 is divided by b.
10
Calculate the remainder when (-2*(-531)/9)/(3 - 1) is divided by 15.
14
Suppose 6674 = 15*m - 6046. What is the remainder when m is divided by 25?
23
Let m(r) = -3*r**3 - r**2 + 5*r + 5. Calculate the remainder when m(-3) is divided by 20.
2
Let s be (-1276)/(-330) - (-4)/30. Suppose -2*w + 5*a + 113 = 0, s*w + 4*a - 151 = -a. Calculate the remainder when 86 is divided by w.
42
Let x = 47 - 40. Let q(w) = w**2 + 2*w - 19. Calculate the remainder when 174 is divided by q(x).
42
Suppose l - 29 = 4. Calculate the remainder when l/1 + 8 + -4 is divided by 13.
11
Suppose -4*a + 2*a + 3*r = -11, 17 = 3*a - 5*r. What is the remainder when 52 is divided by a?
0
Suppose 5*p + 5*b - 176 = b, 2*p - 4*b = 76. What is the remainder when p is divided by 9?
0
Suppose 3 = 4*i - i. Let c(h) = h**2 + 8*h + 12. What is the remainder when (-2)/(-2*i) - -59 is divided by c(-9)?
18
Calculate the remainder when 34 is divided by 0 - -6 - (-140)/7.
8
Calculate the remainder when 1127 is divided by (12/15)/(-1)*470/(-4).
93
Let y(q) = 3*q + 8. Let w(u) = 10*u + 23. Let d(t) = 2*w(t) - 7*y(t). Calculate the remainder when 7 is divided by d(-12).
1
Suppose -5*w - 4 - 16 = 0, 2*r = 5*w + 48. Calculate the remainder when 22 is divided by r.
8
Suppose 0 = -13*u + 10*u - 66. Let z = -1 - u. Calculate the remainder when 102 is divided by z.
18
Let r(j) = -5*j + 2. What is the remainder when 52 is divided by r(-3)?
1
Suppose -3*l + 180 = i, -4*l + 8*l = -5*i + 251. Calculate the remainder when 135 is divided by l.
17
Let f(h) = -10*h + 5. Let c be (-9)/3 + 5 + -5. Let m be f(c). Suppose -2*u + 27 = -m. Calculate the remainder when u is divided by 11.
9
Suppose -h + 87 = 2*p, 2*p + 8*h - 5*h = 85. Let d(w) = w**2 - w + 3. Calculate the remainder when p is divided by d(-3).
14
Let v(y) = -y - 1. Let o be v(9). Let k(m) = m**3 + 11*m**2 + 8*m - 8. Calculate the remainder when 34 is divided by k(o).
10
Let o(a) = 2*a**2 + 3*a + 10. Let c be o(-5). Let b = 12 + c. Calculate the remainder when 282 is divided by b.
54
Let m = -6 - -8. Let p = -7 + 11. Suppose p*t - 10 = -j - t, 15 = 2*j + 5*t. Calculate the remainder when j is divided by m.
1
Let l = 76 - 134. Let b = -38 - l. What is the remainder when 6/3 - (-77 - 0) is divided by b?
19
Suppose 3*q + 100 = 268. Let k = q + -46. What is the remainder when 48 is divided by k?
8
Suppose f = 4*f - 12, u - 9 = -f. Let x(r) = 2*r**2 + 2*r - 56. What is the remainder when x(-7) is divided by u?
3
Let n(u) = -u**2 - 8*u - 9. Let h be n(-7). Let f(k) = 17*k**2 + 3*k. Let b = -5032 - -5045. What is the remainder when f(h) is divided by b?
10
Suppose -4*k - 103 + 971 = 0. What is the remainder when k is divided by 101?
15
Let p be 42/9*3/2. Let i be (p/(-4))/1*-4. Let g(s) = 3*s - 12. Calculate the remainder when g(i) is divided by 6.
3
Let k(d) = d + 9. What is the remainder when ((-22)/(-33) - (-50)/6) + 0 is divided by k(-7)?
1
What is the remainder when -626*(14/4 - 4) is divided by 9?
7
Let k(v) = 4*v**2 + 32*v + 148. Calculate the remainder when 357 is divided by k(-7).
117
Suppose -4*z + 7*z - 102 = 0. Suppose -n + 57 + 145 = 0. What is the remainder when n is divided by z?
32
Suppose 2548 = 4*b - w + 925, 4*b = 3*w + 1613. Calculate the remainder when b is divided by 101.
3
Let w(j) = j + 6. Suppose 0 = -t + k + 19, 2*k - 63 = -3*t - k. Suppose -t = -r - 6. Calculate the remainder when r is divided by w(-2).
2
Let w(y) = y**3 + 9*y**2 - 12*y - 1. Suppose 8*n - 3*n + 135 = 0. Calculate the remainder when (-2)/(-9) - 993/n is divided by w(-10).
18
Suppose 0 = -2*n - 0*n + 14. Suppose -3668 + 3628 = -2*s. What is the remainder when s is divided by n?
6
Let v = 77 + -94. Let t(s) = s**3 + 16*s**2 - 17*s + 13. Calculate the remainder when 75 is divided by t(v).
10
Calculate the remainder when (-8)/(-14)*96 + 7/49 is divided by 24.
7
Let n = 88 + -86. Calculate the remainder when 66 is divided by ((-17)/n)/(1/(-2)).
15
Let d be (-30)/(-40) - (-3)/(-4). Suppose -219 = -5*k + 4*s, -3*k - s + 128 = -d*k. Let u(r) = r + 5. What is the remainder when k is divided by u(10)?
13
Let m = -17 - -31. Let h(f) = -2 + 5 - 2*f + m. Calculate the remainder when 4 is divided by h(7).
1
Suppose 0 = -38*s + 35*s + 171. Suppose 0 = -28*f + 25*f + s. What is the remainder when 56 is divided by f?
18
Let o(m) = 79*m + 166. What is the remainder when 149 is divided by o(-2)?
5
Suppose 115 + 113 = -u. Let r = -198 - u. Calculate the remainder when r is divided by 11 + 0/1*-1.
8
Suppose -581 = -8*z + 75. What is the remainder when z is divided by 7?
5
What is the remainder when -5 + (-1737)/(-27) - (-3)/(-9) is divided by 17?
8
Let o = -684 - -828. What is the remainder when o is divided by 39?
27
Let k(g) = g - 11. Let p = -25 + 39. Let r = -46 - -54. Calculate the remainder when r is divided by k(p).
2
Let w(b) = 4*b**2 + 5*b - 2. Calculate the remainder when w(3) is divided by (72 + -74)/((-1)/16).
17
Let j(b) = -b + 7. Let s be j(9). Let w be (-23 + s)/(7/(-14)). Suppose h + 18 = w. What is the remainder when 125 is divided by h?
29
Suppose -103 = -5*y + 922. Calculate the remainder when y is divided by 82.
41
Suppose -2*h - 47*l = -45*l - 26, h + 5*l - 5 = 0. What is the remainder when 139 is divided by h?
4
Let z(h) = -h**2 - 7*h - 1. Let i be z(-6). Suppose -13*x = -i*x - 320. Suppose 8*a - 11*a + 21 = 0. Calculate the remainder when x is divided by a.
5
Let v(c) be the first derivative of -c**3/6 - 2*c**2 - 3*c + 2. Let l(t) be the first derivative of v(t). What is the remainder when l(-12) is divided by 3?
2
Suppose 0*v = -v + 4*u + 963, u = v - 951. Calculate the remainder when v is divided by 73.
71
Let y(i) = -i**2 - 60*i - 218. Calculate the remainder when 133 is divided by y(-55).
19
Suppose -10*n = -28*n + 1188. Let l = 13 + 5. Calculate the remainder when n is divided by l.
12
Suppose 3*n + 6 = 4*n. Suppose -p - n = -31. What is the remainder when p is divided by 9?
7
Calculate the remainder when (-8)/12 - 6538/(-6) is divided by 21.
18
Let i = 1 - 5. Suppose 68*s - 55 = 57*s. Calculate the remainder when (-37)/(-2) + (-2)/i is divided by s.
4
Let l = 605 - 487. What is the remainder when l is divided by 64?
54
Let s = 9 + 93. Calculate the remainder when s is divided by 52.
50
Let f(t) = t**3 - 6*t**2 - 4. What is the remainder when f(7) is divided by 16?
13
Let h = -18 - -22. Let a(f) = f**3 - f**2 - 7*f. Let n(u) = u**3 + 3*u - 3. What is the remainder when a(h) is divided by n(2)?
9
Suppose 0 = -4*l + 3*l + 5. Let x = 8 - -6. What is the remainder when x is divided by l?
4
Suppose 6*v - 10*v = -3*n + 526, -3*n = 3*v - 519. What is the remainder when n is divided by 55?
9
Let h be -6*(11/(-2) + 4). Suppose -h*t = -12*t + 87. Let u = 21 + -13. Calculate the remainder when t is divided by u.
5
What is the remainder when 10680/45 + (-2)/6 is divided by 34?
33
Let q(w) = 3*w - 12. Let b be q(10). Suppose b = 6*i - 366. What is the remainder when i 